i + m + 286. What is the units digit of i?
1
Let f(h) = 51*h**3 + h**2 - 3*h + 2. Let w = -33 - -34. What is the units digit of f(w)?
1
What is the hundreds digit of -9*((-1386)/15 + (-6)/10)?
8
Suppose -c + 2*n = 4*n + 5, 4*c - 28 = 4*n. Suppose p + 103 = c*z - 2*z, z - 115 = -5*p. What is the hundreds digit of z?
1
Let g(c) be the first derivative of -21*c**2 - c + 1. Let l be g(-1). Suppose 0 = 3*x - 1 - l. What is the units digit of x?
4
Let m be (54/6)/(0 + -1). Let o = m + 16. What is the units digit of o?
7
Suppose -4*i - 11 = 3*t - 34, -4*i - 2*t = -22. Suppose 3*a - i = 1. Suppose -15 = -4*d - o + 74, -d = -a*o - 29. What is the tens digit of d?
2
Suppose 4*j + 240 = 5*r, 223 = 4*r - 0*r + 3*j. Suppose 8*z + 372 = -r. What is the tens digit of z/5*35/(-7)?
5
Let h(d) be the third derivative of d**5/60 + d**4/8 + d**3/6 - 2*d**2. Let l(t) = -t**3 + 5*t**2 - 4*t - 6. Let f be l(4). What is the units digit of h(f)?
9
Let r = 10 + -6. Suppose -2 + 128 = r*x + 3*l, -128 = -4*x - 2*l. What is the tens digit of x?
3
Suppose 5*c + 27 = 4*c. Let u = c + 29. What is the units digit of u?
2
Let r = 1363 + -412. What is the tens digit of r?
5
Suppose h = -6*h + 2093. What is the tens digit of h?
9
Suppose 2*j - 2 = -g, -4*g + j - 40 = -3*j. Let x = -6 - g. Suppose 2*w - 1 - 5 = x. What is the units digit of w?
3
Suppose 0 = 2*y - 3*y + a - 25, 3*y + 70 = -2*a. Let j be (y/18)/(2/(-6)). Suppose j*c - 3*i - 40 = -i, -4*i = -c + 24. What is the units digit of c?
8
Suppose 0*t - 4*t + 117 = u, 2*t - 61 = -3*u. Let z = 136 + t. What is the tens digit of z?
6
Let g(u) = -u**3 - 18*u**2 - 18*u - 9. What is the units digit of g(-19)?
4
Suppose -23195 = -13*c - 7166. What is the tens digit of c?
3
Suppose -6*r + 2040 = 2*r. Let k = -89 + r. What is the hundreds digit of k?
1
Suppose 5*t + 2*k - 15 = 0, 3*t + 12 = 7*t - 5*k. What is the units digit of t?
3
Let d(v) = v**2 - v - 17. Let i be d(11). Suppose -29*u = -30*u + i. What is the tens digit of u?
9
Suppose 828 = 2*c - 4*u, 3*c - 3*u - 896 = 343. Suppose -3*b + c + 17 = 0. What is the hundreds digit of b?
1
Suppose h + 60 = 5*a, 28 + 7 = 5*a + 4*h. Let g(f) = a + f - 7*f + 9 + 3*f. What is the units digit of g(5)?
5
Let j(a) = -5*a**2 + a + 1247. What is the thousands digit of j(0)?
1
Let z(r) = -7*r - 7. Let l(p) = 217*p + 217. Let y(q) = -2*l(q) - 63*z(q). Let b be ((-18)/(-45))/((-1)/(-10)). What is the tens digit of y(b)?
3
Suppose -16*m + 15*m + 1236 = r, 3*r = 3. What is the tens digit of m?
3
Let p = 701 - 80. What is the units digit of p?
1
Let g(f) = 3*f - 17. Suppose -o + 3 = -2*h, 0 = h - 2. Let m be g(o). Suppose m*q + 4*v + 1 = -11, 0 = -4*q - v. What is the units digit of q?
1
Let i = 1698 - -427. What is the units digit of i?
5
Suppose -4*w + 3311 = 3*w. What is the units digit of w?
3
Let u(m) = m**2 - 3*m + 2. Let s be u(2). Suppose s = -5*r + 6*r. Suppose -2*l + r*l - 2 = 0, -3*l + 35 = k. What is the tens digit of k?
3
Let u(h) = -h + 8*h - 5*h + 7*h + 1. Let o be u(2). Let s = 18 + o. What is the tens digit of s?
3
Suppose 4*x = 1070 + 654. What is the units digit of x?
1
Let l(y) = y**2 + 240. Let f be l(0). Suppose -2*t + 162 = -0*t - 4*v, 5*v + f = 3*t. What is the tens digit of t?
7
Let o(p) = -2*p**3 - 20*p**2 - 28*p + 2. What is the tens digit of o(-9)?
9
Let m(v) be the third derivative of 15*v**4/8 + 7*v**2. What is the units digit of m(1)?
5
Let d be (2/2)/(3/9). Suppose -3*o = 0, 5*x = 7*o - d*o. What is the units digit of 2 - ((-4 - -1) + x)?
5
What is the units digit of (-1640)/6*(-3 + (-9)/(-15))?
6
Let r = 1765 - 1225. What is the tens digit of r?
4
Suppose -4*m + 9*m = 15. What is the units digit of 98 - (m + 1)/2?
6
What is the units digit of (-10)/(-8)*4 - -585?
0
Suppose 18 + 6 = 2*g. Let t = -7 + g. Suppose -t*x = -7*x + 46. What is the tens digit of x?
2
Let j = 80 + -72. Let g(z) = 5*z**3 - 8*z**2 + 9*z - 6. Let r(w) = 4*w**3 - 8*w**2 + 8*w - 6. Let s(a) = -3*g(a) + 4*r(a). What is the tens digit of s(j)?
3
Let y be -2 - -8 - 2 - 6. Let f be y/(558/(-139) - -4). Let i = -95 + f. What is the tens digit of i?
4
Let i be ((-70)/(-4))/(-7)*-6. Suppose -3 = -0*c - c. Suppose c*d - 36 = i. What is the units digit of d?
7
Suppose 5*d = d - b - 12, -2*d - 6 = -2*b. What is the units digit of d/(-6) - 273/(-6)?
6
Suppose 16 - 37 = -7*t. Suppose 0 = -2*w + 3*d + 21, w - 4*w - t*d = 6. What is the units digit of (1/w)/((-2)/(-84))?
4
Suppose d = 365 - 40. What is the tens digit of d?
2
Let y = -24 - -129. Suppose 0 = 10*z - 765 + y. What is the units digit of z?
6
Let z(n) = -4*n - 1. Let y be z(-2). Let m = y - -3. What is the units digit of m?
0
Let t = 416 - 104. What is the tens digit of t?
1
Let i(w) = 94*w + 49. What is the tens digit of i(5)?
1
Let k(n) = -n**3 + 7*n**2 + 7*n + 28. Let x be k(-9). Suppose 9*l - 44 = x. What is the units digit of l?
5
Let h(g) = -g**2 - 9*g - 5. Let a be h(-8). Suppose -18 = -a*t + 18. What is the units digit of 1*-2 - t/(-4)?
1
Suppose -6 = 5*g - 26. Let y(q) = -4*q**2 + 8*q + 5*q**3 - 2*q - g*q**3 - 1. What is the units digit of y(4)?
3
Suppose 4*v = -1 - 7. Let u be 28/8*4 + v. Let t(h) = h**2 - 10*h - 13. What is the tens digit of t(u)?
1
Let q = -5 - -7. Suppose -4*o = -6 - q. Let p(b) = 6*b + 1. What is the units digit of p(o)?
3
Suppose -5*p - 4*j = -4, 0 = -3*p - 0*j - 3*j + 3. Let i(b) = 8*b - b**2 + p*b**2 + 2*b**2 - 10. What is the units digit of i(-12)?
8
Suppose -5*a - 4*p + 9 + 61 = 0, 2*p - 20 = -a. Suppose 4*i - i + 16 = 2*h, -5*h = -a. Let k = i - -11. What is the units digit of k?
7
Let q = 2 - -2. Suppose 0 = -3*z + 2*x + 151, -z + 48 = x - q*x. What is the units digit of z?
1
What is the tens digit of 2/(8/17*(-4)/(-688))?
3
Let w(i) = 37*i - 17. What is the tens digit of w(20)?
2
Let z = -3 + -3. Let p = 119 - 116. Let o = p - z. What is the units digit of o?
9
Let n(a) = a**2 + 23*a + 29. What is the units digit of n(-35)?
9
Let f(z) = z**3 - 16*z**2 + 2*z - 28. Let l be f(16). Let s(g) = -g**2 + 5*g + 6. Let m be s(6). What is the units digit of 27 + m/l + -3?
4
Let k(l) = -8*l - 26. Let f be k(-14). Suppose 5*z - 88 = -r, -f = -0*r - r - 3*z. What is the tens digit of r?
8
Suppose -3*k + 1404 + 2001 = -4*z, -2*k - 2*z = -2270. What is the hundreds digit of k?
1
Suppose -48*b - 40362 = -79*b. What is the units digit of b?
2
Suppose 6*v + 5*v = 0. Suppose 5*p + s - 201 = 3*p, -3*p - 4*s + 299 = v. What is the hundreds digit of p?
1
Let j(f) = f + 2. Let a be j(-8). Let i(t) = t + 7. What is the units digit of i(a)?
1
What is the units digit of (180/(-24) + 12)/(12/2576)?
6
Let p = -622 - -1088. What is the units digit of p?
6
Let b(x) be the first derivative of -x**2 + 5*x + 4. Suppose v - 4*v - 4*u = 20, -3*v + 4*u = 4. What is the units digit of b(v)?
3
Let x = 260 - 58. Suppose x - 62 = f. What is the hundreds digit of f?
1
Let v = 1037 + -453. What is the tens digit of v?
8
Let t(o) = -o - 6. Let l be t(-8). Suppose 0 = -l*b - 1 + 5. What is the units digit of ((-26)/10 + b)*-5?
3
Let w = 20 - 18. Suppose -2*v = w*p - 5*p + 13, 4*v = -4*p + 24. What is the units digit of p?
5
Let r be 2*((-1 - 2) + 7). Let j = 18 - r. Let g(k) = k**3 - 11*k**2 + 12*k - 8. What is the tens digit of g(j)?
1
Suppose 0*q + 5*y = 5*q - 2130, -3*q + y + 1288 = 0. Suppose 2*t - 468 = o - 184, -4*o = -3*t + q. What is the hundreds digit of t?
1
Suppose 1023 = 2*r + 139. What is the hundreds digit of r?
4
What is the units digit of ((-34)/(-6))/((-7)/(-630))?
0
Let x(n) = n**3 + 4*n**2 - 1. Let i be x(-3). What is the tens digit of (i/(-12))/(4/(-396))?
6
Suppose -12 = 3*m - 30. Let b = m + -6. Suppose 5*c - 15 = b, 27 + 6 = 2*h + c. What is the units digit of h?
5
Suppose -151148 = 12*x - 70*x. What is the units digit of x?
6
Let o(r) = r**3 + 4*r**2 + 3. Let b be o(-4). Suppose -5*y - 135 = t, -70 = 3*y - t + b. Let h = 38 + y. What is the tens digit of h?
1
Let t(q) = -q + 931. What is the hundreds digit of t(46)?
8
Let b = 573 - 569. Let m be 2*1/2*328. Suppose -8*p + m = -b*p. What is the units digit of p?
2
What is the units digit of (-2)/(-3) + (-3890)/(-6)?
9
Let v = 289 + -167. Suppose -12*a + 10*a = -v. What is the units digit of a?
1
Let n = -16 - -19. Suppose 0 = n*y - 153 - 36. What is the units digit of y?
3
Suppo